{"id":54,"date":"2018-08-21T20:54:43","date_gmt":"2018-08-21T18:54:43","guid":{"rendered":"http:\/\/www.dp6k.de\/?page_id=54"},"modified":"2024-03-08T23:08:51","modified_gmt":"2024-03-08T22:08:51","slug":"ueber-den-amateurfunk","status":"publish","type":"page","link":"https:\/\/www.dp6k.de\/?page_id=54","title":{"rendered":"Was ist Amateurfunk?"},"content":{"rendered":"\n<p>Entschuldigung, jetzt wird&#8217;s erst einmal amtlich: Der <strong>Amateurfunkdienst <\/strong>ist ein staatlich und auch international regulierter und gesch\u00fctzter Funkdienst. Dazu gibt es in Deutschland das <a href=\"https:\/\/www.gesetze-im-internet.de\/afug_1997\/index.html\">Amateurfunkgesetz<\/a>, in dem der Gesetzgeber auch die Vorgaben der <a href=\"https:\/\/www.itu.int\/hub\/tag\/amateur-radio\/\">ITU <\/a>und damit der Vereinten Nationen umsetzen muss. Amateurfunk wird von ambitionierten und technisch interessierten Personen ausschlie\u00dflich nichtkommerziell betrieben. Er dient per Definition allein der V\u00f6lkerverst\u00e4ndigung, dem technischen Interesse der Funkamateure bzw. deren Forschung sowie der Katastrophenhilfe. <\/p>\n\n\n\n<p>Funkamateure m\u00fcssen zu aller erst bei der <a href=\"https:\/\/www.bundesnetzagentur.de\/DE\/Fachthemen\/Telekommunikation\/Frequenzen\/SpezielleAnwendungen\/Amateurfunk\/start.html\">Bundesnetzagentur <\/a>eine Pr\u00fcfung ablegen und k\u00f6nnen dadurch eine Genehmigung zur Teilnahme am Amateurfunkdienst erhalten. Jeder Funkamateur bekommt ein pers\u00f6nliches und personengebundenes, weltweit einmaliges Rufzeichen zugewiesen.<br><\/p>\n\n\n<div class=\"wp-block-image\">\n<figure class=\"aligncenter size-full is-resized\"><img loading=\"lazy\" decoding=\"async\" width=\"2048\" height=\"1024\" src=\"https:\/\/www.dp6k.de\/wp-content\/uploads\/2023\/08\/signal-2022-08-20-20-16-20-028.jpg\" alt=\"\" class=\"wp-image-624\" style=\"width:600px;height:300px\" srcset=\"https:\/\/www.dp6k.de\/wp-content\/uploads\/2023\/08\/signal-2022-08-20-20-16-20-028.jpg 2048w, https:\/\/www.dp6k.de\/wp-content\/uploads\/2023\/08\/signal-2022-08-20-20-16-20-028-300x150.jpg 300w, https:\/\/www.dp6k.de\/wp-content\/uploads\/2023\/08\/signal-2022-08-20-20-16-20-028-1024x512.jpg 1024w, https:\/\/www.dp6k.de\/wp-content\/uploads\/2023\/08\/signal-2022-08-20-20-16-20-028-768x384.jpg 768w, https:\/\/www.dp6k.de\/wp-content\/uploads\/2023\/08\/signal-2022-08-20-20-16-20-028-1536x768.jpg 1536w, https:\/\/www.dp6k.de\/wp-content\/uploads\/2023\/08\/signal-2022-08-20-20-16-20-028-540x270.jpg 540w\" sizes=\"auto, (max-width: 2048px) 100vw, 2048px\" \/><\/figure>\n<\/div>\n\n\n<p><br>Dem Amateurfunk sind zahlreiche Frequenzbereiche zugewiesen, von der Langwelle bis in den Mikrowellenbereich. <a href=\"https:\/\/www.dp6k.de\/?page_id=47\" data-type=\"page\" data-id=\"47\">Bei DP6K<\/a> nutzen wir fast ausschlie\u00dflich Kurzwellensignale, da die Bedingungen an unserer Station daf\u00fcr hervorragend sind und f\u00fcr alle anderen B\u00e4nder der Aufwand aufgrund der Lage zu gro\u00df w\u00e4re. Auf den zugewiesenen Frequenzen k\u00f6nnen alle nur erdenklichen \u00dcbertragungsarten genutzt werden. Mit M\u00f6glichkeiten von Morsetelegrafie \u00fcber Sprechfunk bishin zu Daten- und Bild\u00fcbertragungen oder Amateurfunkfernsehen ist alles m\u00f6glich. <\/p>\n\n\n\n<p>In Deutschland gibt es fast 70.000 Funkamateure. Ein <a href=\"https:\/\/www.darc.de\/\">Bundesverband <\/a>sowie verschiedenste <a href=\"https:\/\/www.darc.de\/der-club\/interessengruppen\/#c30675\">Berufsverb\u00e4nde und Interessengruppierungen<\/a> leisten <a href=\"http:\/\/www.runder-tisch-amateurfunk.de\/\">miteinander Lobby-Arbeit<\/a> bei Regulierungsbeh\u00f6rde, Regierung und Wirtschaftsverb\u00e4nden. Die weltweiten Nationalverb\u00e4nde sind in einem <a href=\"https:\/\/www.iaru.org\/\">internationalem Zusammenschluss<\/a> mit wiederum drei <a href=\"https:\/\/www.iaru-r1.org\/\">Kontinental- bzw. Regionalverb\u00e4nde<\/a> organisiert. Diese Verb\u00e4nde und Vereinigungen veranstalten unter anderem unz\u00e4hlige Funkwettbewerbe, sogenannte Konteste, bei denen &#8222;um die Wette gefunkt&#8220; werden muss. Alle vier Jahre findet auch eine Art Amateurfunkweltmeisterschaft statt, zuletzt <a href=\"https:\/\/www.wrtc2018.de\/\">2018 in Deutschland<\/a> und <a href=\"https:\/\/www.wrtc2022.it\/\">2022 in Italien<\/a> (verschoben auf 2023).<\/p>\n","protected":false},"excerpt":{"rendered":"<p>Entschuldigung, jetzt wird&#8217;s erst einmal amtlich: Der Amateurfunkdienst ist ein staatlich und auch international regulierter und gesch\u00fctzter Funkdienst. Dazu gibt es in Deutschland das Amateurfunkgesetz, in dem der Gesetzgeber auch die Vorgaben der ITU und damit der Vereinten Nationen umsetzen muss. Amateurfunk wird von ambitionierten und technisch interessierten Personen ausschlie\u00dflich nichtkommerziell betrieben. Er dient per Definition allein der V\u00f6lkerverst\u00e4ndigung, dem technischen Interesse der Funkamateure bzw. deren Forschung sowie der Katastrophenhilfe. Funkamateure m\u00fcssen zu aller erst bei der Bundesnetzagentur eine Pr\u00fcfung&#8230;<\/p>\n<p class=\"read-more\"><a class=\"btn btn-default\" href=\"https:\/\/www.dp6k.de\/?page_id=54\">Weiterlesen<span class=\"screen-reader-text\"> Weiterlesen<\/span><\/a><\/p>\n","protected":false},"author":1,"featured_media":0,"parent":0,"menu_order":0,"comment_status":"closed","ping_status":"closed","template":"","meta":{"footnotes":""},"class_list":["post-54","page","type-page","status-publish","hentry"],"_links":{"self":[{"href":"https:\/\/www.dp6k.de\/index.php?rest_route=\/wp\/v2\/pages\/54","targetHints":{"allow":["GET"]}}],"collection":[{"href":"https:\/\/www.dp6k.de\/index.php?rest_route=\/wp\/v2\/pages"}],"about":[{"href":"https:\/\/www.dp6k.de\/index.php?rest_route=\/wp\/v2\/types\/page"}],"author":[{"embeddable":true,"href":"https:\/\/www.dp6k.de\/index.php?rest_route=\/wp\/v2\/users\/1"}],"replies":[{"embeddable":true,"href":"https:\/\/www.dp6k.de\/index.php?rest_route=%2Fwp%2Fv2%2Fcomments&post=54"}],"version-history":[{"count":18,"href":"https:\/\/www.dp6k.de\/index.php?rest_route=\/wp\/v2\/pages\/54\/revisions"}],"predecessor-version":[{"id":737,"href":"https:\/\/www.dp6k.de\/index.php?rest_route=\/wp\/v2\/pages\/54\/revisions\/737"}],"wp:attachment":[{"href":"https:\/\/www.dp6k.de\/index.php?rest_route=%2Fwp%2Fv2%2Fmedia&parent=54"}],"curies":[{"name":"wp","href":"https:\/\/api.w.org\/{rel}","templated":true}]}}